(z) = 4*z - 20. Let o be u(10). Suppose -5*w = -2*x + o, -3*x = -7*x + 5*w + 50. Calculate the greatest common factor of 3 and x.
3
Let b = 196 + -78. Let y = b + 14. Suppose -4*z + 40 = 2*n, -3*n - 4*z + 40 = -3*z. What is the greatest common divisor of n and y?
12
Let p be 30/(-21)*(-57 + 36). What is the highest common divisor of p and 290?
10
Suppose 2*d + 10 + 126 = 0. Let s = 80 + d. Calculate the greatest common divisor of s and 30.
6
Suppose 5*p - 18 = -2*x, 4*x - 15 = p - 1. Suppose -54 = x*l - 6*l. What is the highest common factor of 3 and l?
3
Suppose -60*a - 16 = -62*a. Calculate the highest common factor of 6 and a.
2
Suppose 0 = 2*b - 3*p - 38, -4*b = 2*p + 8 - 52. Suppose -b + 7 = -x. Let q be (x/9)/(1/3). What is the greatest common divisor of 3 and q?
1
Suppose -1848 = -2*n - 2*n + 2*y, -4*n + 1848 = y. Suppose -3*x + 0*x - n = 0. Let c = 36 - x. What is the greatest common divisor of 19 and c?
19
Let o(q) = q**3 + 14*q**2 + 2*q + 7. Let i be o(-8). Suppose 4*f + f + i = 0. Let c = -46 - f. Calculate the highest common factor of 87 and c.
29
Suppose 0*g - 6 = -2*g, 2*v - 10 = -4*g. Let d be (90/(-27))/(v/3). Calculate the greatest common factor of 25 and d.
5
Let d(q) = q**3 - 3*q**2 - 4*q + 12. Let j be d(4). What is the highest common divisor of 48 and j?
12
Let p(q) = -5*q + 1. Let h be p(-1). Suppose -4*u = -4*y, -4*y = -2*y - 6. Let k be u/4*(10 + -2). Calculate the highest common factor of h and k.
6
Suppose 32*a = 37*a - 390. What is the greatest common factor of a and 18?
6
Let u(x) = x**3 - 7*x**2 + 3*x - 12. Let k be u(6). Let t = 86 + k. Let v be 4/(-6) - 44/(-3). What is the highest common divisor of t and v?
14
Suppose 0 = -r + 12 + 2. Calculate the greatest common divisor of r and 70.
14
Let x = 29 - 17. Suppose -4*p - 3 = y, 2*p - 3*p + 3 = -y. Let r = y + 51. Calculate the highest common factor of x and r.
12
Suppose -4*p + 0 + 7 = 3*t, 5*p = 3*t - 25. Suppose t*o - 52 = 328. Let v = o - -68. What is the greatest common factor of v and 16?
16
Let u = 14 - 11. Let x be 146/10 + 39/(-65) - u. Calculate the greatest common divisor of 88 and x.
11
Suppose 864*t = 865*t - 36. What is the highest common factor of t and 8?
4
Let d(p) = 16*p**2 + 14*p + 34. Let r be d(-4). Calculate the greatest common factor of 42 and r.
6
Suppose -15*b + 681 = 171. Calculate the highest common divisor of b and 153.
17
Suppose 5*d - 85 = -l + 29, -73 = -3*d + 4*l. What is the highest common divisor of 575 and d?
23
Let u = 42 - 28. What is the highest common divisor of u and 28?
14
Let l be (-1)/(-1) - (2 + -4). Suppose -l = v - 18. Suppose 0 = 11*f - v*f + 228. What is the greatest common divisor of 19 and f?
19
Let a(o) = 125*o + 8. Let r be a(-2). Let v be 1/(11/200) + 44/r. What is the greatest common factor of 144 and v?
18
Suppose 3*q - 244 = -q. Let y = -30 + q. Calculate the highest common factor of 248 and y.
31
Let r = -730 + 734. What is the greatest common factor of 15 and r?
1
Let f(w) = -w**2 + 43*w + 74. Let h be f(39). What is the greatest common divisor of h and 10?
10
Suppose 114 = 4*x + i, x + i = 5*x - 110. Let y be (1 + -3 + 0)/((-8)/x). Let m be (4 + -2)*63/2. Calculate the greatest common divisor of y and m.
7
Let i = -15 + 15. Let v be i + (0 - 0) - 68/(-1). Calculate the greatest common divisor of v and 170.
34
Suppose 28*s = 434 + 154. What is the greatest common factor of 21 and s?
21
Let c = -21 - -30. Suppose -4*d = -c - 15. What is the highest common factor of 18 and d?
6
Let k = 869 - 853. Calculate the highest common divisor of k and 108.
4
Suppose 31*u + 30*u - 18483 = 0. What is the greatest common divisor of 202 and u?
101
Suppose -239 - 581 = -5*p. Let h be 0 - 6 - ((-44 - 1) + 2/(-1)). What is the highest common factor of p and h?
41
Suppose -j = -g - 60, 5*j = -3*g - 2*g + 270. Suppose -3*y = u - j, -5*y + 42 = 4*u - 46. What is the greatest common factor of y and 8?
4
Suppose -u + 50 = 5*l, -40 = -2*l - 2*l + 3*u. Suppose l = 25*s - 23*s. Let m be (1 - 3)/(s/(-30)). What is the highest common divisor of m and 48?
12
Suppose 2*q - 5*i - 17 = 0, 4*q + i - 83 = -q. Suppose -5*w - q = -r, 2*r = 4*w - 0 + 14. Calculate the greatest common divisor of r and 7.
1
Suppose -7*p + 226 = -1062. What is the greatest common factor of 69 and p?
23
Suppose -4*x + 2*l + 1429 = 377, 3*x + 2*l - 796 = 0. What is the greatest common factor of x and 36?
12
Let w(o) be the second derivative of 4*o**3/3 - 11*o**2/2 + 8*o. Let k be w(5). Calculate the highest common divisor of 29 and k.
29
Let p be 3/(-2)*(-16)/6. Suppose -p + 22 = 6*m. Let l = 25 + -16. What is the greatest common factor of l and m?
3
Let g = 230 + -221. What is the greatest common divisor of g and 963?
9
Let s(f) = -f**2 - 11*f + 5. Let o be s(-5). Suppose -a = -o - 30. What is the highest common divisor of 5 and a?
5
Suppose 3*o - 2 = -3*j + 1, 2*o + j - 1 = 0. Suppose i + o*i - v = 67, 2*v = i - 71. What is the greatest common divisor of i and 7?
7
Suppose -109 = -34*v - 415. Suppose -2*q + 3*q = -2*u + 5, -3*u - 3 = -2*q. Let z = u - v. Calculate the greatest common divisor of z and 25.
5
Suppose -4*b - 5*s - 2 + 16 = 0, 0 = -3*s + 6. Calculate the greatest common divisor of 59 and b.
1
Suppose 26*m - 170 = -8*m. What is the greatest common factor of m and 275?
5
Let r be (-22)/(1/5*-1). Let p be (1/2)/(2/(-140)). Let t = 57 + p. Calculate the highest common divisor of t and r.
22
Let k(a) = a**3 - 3*a**2 + 4*a. Let d be k(3). Let c = -48 + 56. Suppose -8*y + c = -6*y. What is the greatest common divisor of y and d?
4
Let d be 2 - 3 - 1/1. Let a(u) = 37*u**2 - 3*u - 4. Let c be a(d). Calculate the greatest common factor of c and 15.
15
Suppose -18 = -7*n + 17. Let z(k) = k**3 - 4*k**2 - 4*k + 11. Let o be z(n). Calculate the highest common divisor of o and 40.
8
Suppose 3*j - 22 = 77. Let p = 1 + j. Suppose x = 2*t - 7, 5*t - p = t - 2*x. What is the highest common factor of t and 18?
6
Suppose -c + 7 - 3 = 0. Let o be (-8)/(-6)*(c + -2 + 1). What is the highest common divisor of o and 1?
1
Let a(p) = -p**2 + 19*p - 38. Let t be a(10). What is the highest common factor of 312 and t?
52
Let o be (-10)/(-45)*60*(-6)/(-4). Calculate the highest common factor of 130 and o.
10
Let y(q) = -3*q**3 + 37*q**2 - 7*q + 15. Let o be y(12). What is the greatest common factor of 255 and o?
15
Let n be ((-104)/20)/(2/(-50)). Suppose -5*g + n = 5*k, -7*k = -g - 2*k + 32. Suppose -l - 5 + g = 0. What is the greatest common divisor of l and 22?
22
Let p(c) = -c**2 + 10*c - 15. Let q be (-520)/(-100) + 1/(-5). Let l be p(q). What is the highest common factor of l and 10?
10
Let r be (-2)/8 - 13/(-4). Let g be r + (3 - (7 + -3)). Let b = 12 - g. What is the greatest common divisor of 30 and b?
10
Let a = 21 + 141. Suppose n = -n + a. Suppose 0 = -u + 4*u - 27. Calculate the highest common factor of n and u.
9
Let s = -279 - -331. Calculate the greatest common divisor of s and 4.
4
Let f(u) = u**3 + 13*u**2 + 25*u + 19. Let i be f(-11). Let y be i/(-1)*18/36. What is the highest common divisor of y and 14?
7
Let a(g) = 14*g - 154. Let v be a(14). What is the greatest common divisor of 903 and v?
21
Let p be (-8)/(-2) + (403 - -25). Calculate the highest common factor of 36 and p.
36
Suppose 4*b + 82 = t, t - 54 = -3*b + 35. Let o = t + -81. Calculate the greatest common divisor of o and 25.
5
Let r(h) = -2*h + 17. Let a be r(-37). What is the greatest common divisor of 104 and a?
13
Let g = -39 - -130. Suppose q = -5*s + 43, -6*q + 3*q + 4*s + g = 0. Calculate the greatest common factor of 11 and q.
11
Suppose -4*l = -3*l - 10. Suppose -c + l = -0*c. Let i be ((-20)/c)/((-2)/12). Calculate the greatest common divisor of i and 3.
3
Let g(l) = l + 7. Let x be g(-8). Let b(n) = n. Let o(d) = 49*d + 1. Let v(c) = -4*b(c) - o(c). Let q be v(x). What is the highest common divisor of 13 and q?
13
Let l = -868 + 875. Calculate the greatest common factor of l and 119.
7
Suppose 4*q + q - 90 = 0. Suppose 3*r = -0*l + 2*l, 3*l + 3*r = 30. What is the greatest common divisor of l and q?
6
Let o = -1368 + 1375. What is the greatest common divisor of 427 and o?
7
Let u be -5*(-4 + 3 - 4/5). Let c = u - 3. Calculate the greatest common factor of c and 6.
6
Let f(g) = 8*g - 2 + 